{"id":407,"date":"2020-10-20T13:40:41","date_gmt":"2020-10-20T13:40:41","guid":{"rendered":"https:\/\/potenza-medica.si\/trgovina\/?post_type=product&#038;p=407"},"modified":"2023-02-17T09:25:28","modified_gmt":"2023-02-17T09:25:28","slug":"nicapur-prenatal-green","status":"publish","type":"product","link":"https:\/\/potenza-medica.si\/trgovina\/izdelek\/nicapur-prenatal-green\/","title":{"rendered":"NicaPur Prenatal green"},"content":{"rendered":"<p>NicaPur Prenatal green so mikrohranila za \u017eenske, nose\u010dnice, doje\u010de matere in za \u017eenske, ki si \u017eelijo nara\u0161\u010daja.<br \/>\nBrez joda in z aktivno obliko folata<\/p>\n<p><a href=\"https:\/\/potenza-medica.si\/trgovina\/wp-content\/uploads\/2017\/05\/Prenatal_green.pdf\">Prenatal_green<\/a>\u00a0letak.<\/p>\n<p>Prehransko dopolnilo<br \/>\nFolati prispevajo k razvoju materinega tkiva med nose\u010dnostjo.<\/p>\n<h4><strong>Sestavine NicaPur Prenatal green dopolnila<\/strong><\/h4>\n<p>kalcijev askorbat, \u017eelezov glukonat, polnilo: celuloza, hidroksipropilmetilceluloza (ovojnina kapsule), cinkov glukonat, mioinozitol, beta-karoten, d-alfa tokoferilacetat, lutein, nikotinamid, kalcijev pantotenat, natrijev selenit, manganov glukonat, holekalciferol, piridoksinijev hidroklorid, tiaminijev mononitrat, riboflavin, vitamin K1, (6S)-5-metiltetrahidrofolat-glukozaminijeva sol ((6S)-5-MTHF), folna kislina, hidroksikobalamin, D-biotin.<\/p>\n<div class=\"table-responsive\">\n<table class=\"table table-bordered table-condensed table-striped\">\n<thead>\n<tr>\n<th align=\"left\">Vsebnost v dnevnem odmerku:<\/th>\n<th align=\"left\">1 kapsula<\/th>\n<th align=\"left\">% PDV*<\/th>\n<\/tr>\n<\/thead>\n<tbody>\n<tr>\n<td align=\"left\">Vitamin C<\/td>\n<td align=\"left\">150 mg<\/td>\n<td align=\"left\">188<\/td>\n<\/tr>\n<tr>\n<td align=\"left\">Niacin<\/td>\n<td align=\"left\">18 mg<\/td>\n<td align=\"left\">113<\/td>\n<\/tr>\n<tr>\n<td align=\"left\">Vitamin E<\/td>\n<td align=\"left\">12 mg<\/td>\n<td align=\"left\">100<\/td>\n<\/tr>\n<tr>\n<td align=\"left\">Pantotenska kislina<\/td>\n<td align=\"left\">9 mg<\/td>\n<td align=\"left\">150<\/td>\n<\/tr>\n<tr>\n<td align=\"left\">Vitamin B6<\/td>\n<td align=\"left\">3 mg<\/td>\n<td align=\"left\">214<\/td>\n<\/tr>\n<tr>\n<td align=\"left\">Vitamin B2<\/td>\n<td align=\"left\">2,4 mg<\/td>\n<td align=\"left\">171<\/td>\n<\/tr>\n<tr>\n<td align=\"left\">Vitamin B1<\/td>\n<td align=\"left\">2,1 mg<\/td>\n<td align=\"left\">191<\/td>\n<\/tr>\n<tr>\n<td align=\"left\">Beta-karoten<\/td>\n<td align=\"left\">2 mg<\/td>\n<td align=\"left\">\/<\/td>\n<\/tr>\n<tr>\n<td align=\"left\">ekvivalent vitamina A<\/td>\n<td align=\"left\">333 mcg<\/td>\n<td align=\"left\">42<\/td>\n<\/tr>\n<tr>\n<td align=\"left\"><strong>Minerali:<\/strong><\/td>\n<td align=\"left\"><\/td>\n<td align=\"left\"><\/td>\n<\/tr>\n<tr>\n<td align=\"left\">\u017delezo<\/td>\n<td align=\"left\">15 mg<\/td>\n<td align=\"left\">107<\/td>\n<\/tr>\n<tr>\n<td align=\"left\">Cink<\/td>\n<td align=\"left\">10 mg<\/td>\n<td align=\"left\">100<\/td>\n<\/tr>\n<tr>\n<td align=\"left\">Mangan<\/td>\n<td align=\"left\">0,75 mg<\/td>\n<td align=\"left\">38<\/td>\n<\/tr>\n<tr>\n<td align=\"left\">Selen<\/td>\n<td align=\"left\">35 mcg<\/td>\n<td align=\"left\">64<\/td>\n<\/tr>\n<tr>\n<td align=\"left\">Mioinozitol<\/td>\n<td align=\"left\">30 mg<\/td>\n<td align=\"left\">\/<\/td>\n<\/tr>\n<tr>\n<td align=\"left\">Lutein<\/td>\n<td align=\"left\">5 mg<\/td>\n<td align=\"left\">\/<\/td>\n<\/tr>\n<\/tbody>\n<\/table>\n<p>*% priporo\u010denega dnevnega vnosa v skladu z EU regulativo 1169\/2011<\/p>\n<p><strong>Opozorilo<\/strong><\/p>\n<p>\u017divilo ni nadomestilo za uravnote\u017eeno in raznovrstno prehrano. Pazite na zdrav \u017eivljenjski slog. Priporo\u010dene dnevne koli\u010dine oz. odmerka se ne sme prekora\u010diti.<\/p>\n<p>\u017divilo shranjujte v hladnem in suhem prostoru, za\u0161\u010diteno pred neposredno svetlobo.<\/p>\n<p>Shranjevati nedosegljivo otrokom!<\/p>\n<p><strong>Opozorilo<\/strong><\/p>\n<p>\u017divilo ni nadomestilo za uravnote\u017eeno in raznovrstno prehrano. Pazite na zdrav \u017eivljenjski slog. Priporo\u010dene dnevne koli\u010dine oz. odmerka se ne sme prekora\u010diti.<\/p>\n<p>\u017divilo shranjujte v hladnem in suhem prostoru, za\u0161\u010diteno pred neposredno svetlobo.<\/p>\n<p>Shranjevati nedosegljivo otrokom!<\/p>\n<h4><strong>Priporo\u010den dnevni odmerek NicaPur Prenatal green kapsul<\/strong><\/h4>\n<p>1 kapsula na dan z veliko teko\u010dine.<\/p>\n<p>V celoti rastlinskega izvora. Brez ne\u017eelenih u\u010dinkov.<br \/>\nBrez barvil in brez konzervansov. Brez glutena, brez laktoze. Primerno za diabetike.<\/p>\n<h4><strong>Kaj je zna\u010dilno za vse NICApur izdelke?<\/strong><\/h4>\n<p><strong>Princip \u010distih substanc<\/strong><br \/>\nVsi preparati NICApur so brez konzervansov in ostalih aditivov, zato imajo visoko biorazpolo\u017eljivost in se jih dobro prena\u0161a.<\/p>\n<p><strong>Recepture, ki temeljijo na znanosti<\/strong><br \/>\nIzdelki so zasnovani na znanstvenih dognanjih v sodelovanju z razli\u010dnimi strokami (znanstveniki).<\/p>\n<p><strong>Surovine vrhunske kakovosti<\/strong><br \/>\nMo\u010dna prednost so izklju\u010dno surovine vrhunske kakovosti kot na primer Kaneka Q10\u2122 in Kaneka QH10\u2122.<\/p>\n<p><strong>Kontrola kakovosti \/ varnosti<\/strong><br \/>\nNeodvisni, zunanji laboratorij LEFO preverja kakovost in varnost na\u0161ih izdelkov.<\/p>\n<p><strong>Narejeno v Avstriji<\/strong><br \/>\nNICApur je avstrijsko, dru\u017einsko podjetje, ki ima proizvodnjo v mestecu Lengau nedale\u010d od Salzburga.<\/p>\n<\/div>\n","protected":false},"excerpt":{"rendered":"<p>NicaPur Prenatal green so mikrohranila za \u017eenske, nose\u010dnice, doje\u010de matere in za \u017eenske, ki si \u017eelijo nara\u0161\u010daja, 60 kapsul.<\/p>\n","protected":false},"featured_media":408,"template":"","meta":{"_et_pb_use_builder":"","_et_pb_old_content":"","_et_gb_content_width":"","inline_featured_image":false,"wds_primary_product_brand":0,"wds_primary_product_cat":0},"product_brand":[],"product_cat":[20],"product_tag":[],"class_list":{"0":"post-407","1":"product","2":"type-product","3":"status-publish","4":"has-post-thumbnail","6":"product_cat-nosecnost","8":"first","9":"outofstock","10":"featured","11":"taxable","12":"shipping-taxable","13":"purchasable","14":"product-type-simple"},"_links":{"self":[{"href":"https:\/\/potenza-medica.si\/trgovina\/wp-json\/wp\/v2\/product\/407","targetHints":{"allow":["GET"]}}],"collection":[{"href":"https:\/\/potenza-medica.si\/trgovina\/wp-json\/wp\/v2\/product"}],"about":[{"href":"https:\/\/potenza-medica.si\/trgovina\/wp-json\/wp\/v2\/types\/product"}],"wp:featuredmedia":[{"embeddable":true,"href":"https:\/\/potenza-medica.si\/trgovina\/wp-json\/wp\/v2\/media\/408"}],"wp:attachment":[{"href":"https:\/\/potenza-medica.si\/trgovina\/wp-json\/wp\/v2\/media?parent=407"}],"wp:term":[{"taxonomy":"product_brand","embeddable":true,"href":"https:\/\/potenza-medica.si\/trgovina\/wp-json\/wp\/v2\/product_brand?post=407"},{"taxonomy":"product_cat","embeddable":true,"href":"https:\/\/potenza-medica.si\/trgovina\/wp-json\/wp\/v2\/product_cat?post=407"},{"taxonomy":"product_tag","embeddable":true,"href":"https:\/\/potenza-medica.si\/trgovina\/wp-json\/wp\/v2\/product_tag?post=407"}],"curies":[{"name":"wp","href":"https:\/\/api.w.org\/{rel}","templated":true}]}}