{"id":412,"date":"2020-10-20T14:13:49","date_gmt":"2020-10-20T14:13:49","guid":{"rendered":"https:\/\/potenza-medica.si\/trgovina\/?post_type=product&#038;p=412"},"modified":"2023-06-21T15:52:27","modified_gmt":"2023-06-21T15:52:27","slug":"zgodnji-test-nosecnosti-geratherm-early-detect","status":"publish","type":"product","link":"https:\/\/potenza-medica.si\/trgovina\/izdelek\/zgodnji-test-nosecnosti-geratherm-early-detect\/","title":{"rendered":"ZGODNJI TEST NOSE\u010cNOSTI Geratherm early detect"},"content":{"rendered":"<p><strong>Diagnosti\u010dni zgodnji test za ugotavljanje nose\u010dnosti za samotestiranje<\/strong><\/p>\n<ul>\n<li>4 dni pred menstruacijo.<\/li>\n<li>Zaznava hCG v urinu \u017ee pri 10 IU\/L.<\/li>\n<li>Ve\u010d kot 99% natan\u010den.<\/li>\n<li>Izredno veliko testno podro\u010dje.<\/li>\n<li>Varno, preprosto in hitro.<\/li>\n<li>Za samotestiranje.<\/li>\n<\/ul>\n<p><strong>PRINCIP TESTIRANJA<\/strong><\/p>\n<p>Test za ugotavljanje nose\u010dnosti\u00a0<em>Geratherm early detect<\/em>\u00a0je imunolo\u0161ki test na podlagi lateralnega vleka, pri katerem se ugotavlja hormon humani horionski gonadotropin (hCG) kvalitativno v urinu pri dokazovanju nose\u010dnosti. Test se lahko izvede \u017ee \u0161tiri dni pred predvidenim za\u010detkom periode. Za\u010detek periode se pri tem izra\u010duna s 15 dnevi po ovulaciji. Test uporablja kombinacijo protitelesc, ki vsebujejo monoklonalno protitelesce hCG, da bi se dokazalo selektivno povi\u0161ano vrednost vsebnosti hCG. Pri izvedbi testa se sesalna konica dr\u017ei v curek urina, ali pa se sesalna konica potopi v urin in iz barvnih \u010drt se od\u010dita rezultat.<\/p>\n<p><strong>PREVIDNOSTNI UKREPI<\/strong><\/p>\n<p>Prosimo, da pred uporabo testa temeljito preberete navodilo za uporabo. Ne uporabljajte po preteku roka uporabnosti, ki je naveden na aluminijasti vre\u010dki. Hranite na suhem pri temperature med 2 \u00b0C in 30 \u00b0C\u00a0 (ali 36 \u00b0 do 86 \u00b0F) .<\/p>\n<p>Ne zamrzujte.<\/p>\n<p>Ne uporabljajte, \u010de je vre\u010dka odprta ali po\u0161kodovana.<\/p>\n<p>Hranite izven dosega otrok!<\/p>\n<p>Samo za in-vitro- diagnostiko. Samo za zunanjo uporabo.<\/p>\n<p>Aluminijasto vre\u010dko odprite samo pred izvedbo testa.<\/p>\n<p>Razvla\u017eevalni zavoj\u010dek, ki se nahaja v aluminijski za\u0161\u010ditni vre\u010dki, vsebuje su\u0161ilno sredstvo za varovanje kakovosti testne pali\u010dice in nima nobene druge funkcije.<\/p>\n<p>Pred sprejetjem pomembnih zdravstvenih odlo\u010ditev se posvetujte s svojim splo\u0161nim zdravnikom oz. ginekologom.<\/p>\n<p><strong>VSEBINA SETA<\/strong><\/p>\n<p>REF 1: 1 aluminijasti za\u0161\u010ditni ovoj\/ z 1 testno pali\u010dico in z eno razvla\u017eevalno vre\u010dko, navodilo za uporabo<\/p>\n<p><strong>NAVODILO ZA UPORABO<\/strong><\/p>\n<p>Vzemite test iz aluminijskega za\u0161\u010ditnega ovoja in za\u010dnite nemudoma izvajati test. Odstranite za\u0161\u010ditni pokrov in ga vtaknite na ro\u010daj. Midstream-Test primite na ro\u010daju in ga dr\u017eite, z nepokrito sesalno konico (obmo\u010dje zajemanja urina) obrnjeno navzdol, najmanj za 10 sekund, direktno v curek urina, dokler sesalna konica ni popolnoma navla\u017eena (glej sliko spodaj).<\/p>\n<p><strong>NAPOTEK:<\/strong>\u00a0Ne urinirajte na testno okence (T) ali na kontrolno okence (C). Urin lahko prestre\u017eete tudi v suho in \u010disto posodo in nato vanj za najmanj 10 sekund potopite sesalno konico. Potem, ko ste test vzeli iz urina, takoj ponovno vtaknite pokrov na sesalno konico. Polo\u017eite test na ravno povr\u0161ino, pri tem morata biti testno in kontrolno okence obrnjena navzgor, in za\u010dnite z merjenjem \u010dasa.<\/p>\n<p>Na za\u010detku teko\u010dega testa je mo\u017eno, da se v testnem in kontrolnem okencu zazna preto\u010dno gibanje \u0161ibko rde\u010de barve. Rezultat od\u010ditajte po 3 minutah. \u010ce se ne pojavi nobena barvna \u010drta, po\u010dakajte \u0161e 1 minuto. Odvisno od koncentracije\u00a0 hCG je mo\u017eno, da se pozitivni rezultati lahko opazijo \u017ee po 1 minuti ali prej. Vendar rezultata ne od\u010ditavajte po ve\u010d kot 10 minutah.<\/p>\n<p><strong>OMEJITVE<\/strong><\/p>\n<p>Ta test lahko morebitno prika\u017ee napa\u010dne pozitivne in napa\u010dne negativne testne rezultate. Preden sprejemate pomembne zdravstvene odlo\u010ditve vas prosimo, da obi\u0161\u010dete va\u0161ega zdravnika. Jemanje zdravil, ki vsebujejo hCG (kot na primer Pregnyl, Profasi, Pergonal in APL) lahko povzro\u010di napa\u010dne pozitivne rezultate. Jemanje alkohola, zdravil kot penicilin, antibiotikai, oralnih sredstev za prepre\u010devanje nose\u010dnosti ali hormonskih terapij, ki ne vsebujejo hCG, na testni rezultat ne bi smeli vplivati. Na raven hCG lahko poleg nose\u010dnosti vplivajo \u0161tevilne bolezni, kot na primer cista na jaj\u010dnikih, ali ektopi\u010dna nose\u010dnost (nose\u010dnost izven maternice), ki povzro\u010dijo povi\u0161anje nivoja hCG hormona in s tem vodijo do napa\u010dnega pozitivnega testnega rezultata.<\/p>\n<p><strong>VPRA\u0160ANJA IN ODGOVORI<\/strong><\/p>\n<ol>\n<li>Vpra\u0161anje:\u00a0<strong>Kako deluje test?<\/strong><\/li>\n<\/ol>\n<p>Odgovor: Diagnosti\u010dni ultra hitri nose\u010dnostni test doka\u017ee v va\u0161em urinu hormon (hCG \u2013 humani horionski gonadotropin), ki ga va\u0161e telo proizvaja med nose\u010dnostjo. Koli\u010dina hormona hCG se v poteku nose\u010dnosti pove\u010duje.<\/p>\n<ol start=\"2\">\n<li>Vpra\u0161anje:\u00a0<strong>Od kdaj se test lahko uporablja?<\/strong><\/li>\n<\/ol>\n<p>Odgovor: Test se lahko izvede \u017ee 4 dni pred predvidenim za\u010detkom periode. Za\u010detek periode se pri tem izra\u010duna s 15 dnevi po ovulaciji. Test lahko opravite skozi ves dan, vendar je prvi jutranji urin obi\u010dajno najbolj skoncentriran in vsebuje najve\u010djo koli\u010dino hCG.<\/p>\n<ol start=\"3\">\n<li>Vpra\u0161anje:\u00a0<strong>Ali naj se uporabi prvi jutranji urin?<\/strong><\/li>\n<\/ol>\n<p>Odgovor: \u010ceprav se lahko test opravi ob vsakem \u010dasu dneva, je prvi jutranji urin obi\u010dajno najbolj koncentriran in vsebuje ve\u010dino hCG.<\/p>\n<ol start=\"4\">\n<li>Vpra\u0161anje:\u00a0<strong>Kako natan\u010den je test?<\/strong><\/li>\n<\/ol>\n<p>Odgovor: Opravljena je bila klini\u010dna \u0161tudija, v kateri so primerjali rezultate priprav za zgodnje teste nose\u010dnosti z nekim drugim komercialnim HGC testom. Klini\u010dni preizkus z uporabniki je obsegal 608 testov urina. Oba testna postopka sta zaznala 231 pozitivnih in 377 negativnih rezultatov. Rezultati so kazali skupno natan\u010dnost v vi\u0161ini ve\u010d kot 99 % pri zgodnjem testu nose\u010dnosti v primerjavi z drugim testom.<\/p>\n<ol start=\"5\">\n<li>Vpra\u0161anje:\u00a0<strong>Kako visoka je ob\u010dutljivost testa?<\/strong><\/li>\n<\/ol>\n<p>Odgovor: Diagnosti\u010dni ultra zgodnji test nose\u010dnosti\u00a0<em>Geratherm early detect<\/em>\u00a0doka\u017ee hCG v urinu pri koncentraciji 10 IU\/L\u00a0ali vi\u0161ji. Test je bil standardiziran v skladu s Tretjim mednarodnim standardom Svetovne zdravstvene organizacije WHO. Dodajanje LH (300 IU\/L), FSH (1000 IU\/L) in TSH (1000\u00b5IU\/mL) k negativnim vzorcem (O IU\/L) in pozitivnim vzorcem (10 IU\/L) ni pokazalo nikakr\u0161ne navzkri\u017ene reakcije.<\/p>\n<ol start=\"6\">\n<li>Vpra\u0161anje:\u00a0<strong>Kaj moram storiti, \u010de rezultat poka\u017ee, da sem nose\u010da?<\/strong><\/li>\n<\/ol>\n<p>Odgovor: To pomeni, da va\u0161 urin vsebuje hCG in da ste verjetno nose\u010di. Posvetujte se z va\u0161im zdravnikom, da potrdi nose\u010dnost in si v nadaljnjem poteku\u00a0 priskrbite dodatne nasvete.<\/p>\n<ol start=\"7\">\n<li>Vpra\u0161anje:\u00a0\u00a0<strong>Kako lahko vidim, ali je test pravilno deloval?<\/strong><\/li>\n<\/ol>\n<p>Odgovor: \u010ce se pojavi barvna \u010drta v kontrolnem okencu (C) je prikazano, da ste test pravilno uporabili in da je bila sprejeta pravilna koli\u010dina urina.<\/p>\n<ol start=\"8\">\n<li>Vpra\u0161anje:\u00a0<strong>Kaj moram storiti, \u010de rezultat poka\u017ee, da nisem nose\u010da?<\/strong><\/li>\n<\/ol>\n<p>Odgovor:\u00a0 To pomeni, da\u00a0 hormon hCG v va\u0161em urinu ni bil v zadostni koli\u010dini dokazan in da verjetno niste nose\u010di. \u010ce va\u0161a perioda dalje izostaja, ponovite test \u0161e enkrat in se prosimo posvetujte z zdravnikom.<\/p>\n<p>Takoj ko vam bo test pokazal pozitiven rezultat, za\u010dnite s prenatalno oskrbo. V vsakem primeru je priporo\u010dljivo takoj obiskati zdravnika. Pazite na uravnote\u017eeno prehrano, prenehajte s kajenjem in u\u017eivanjem alkohola.<\/p>\n","protected":false},"excerpt":{"rendered":"<p>Diagnosti\u010dni zgodnji test za ugotavljanje nose\u010dnosti za samotestiranje<\/p>\n","protected":false},"featured_media":416,"template":"","meta":{"_et_pb_use_builder":"","_et_pb_old_content":"","_et_gb_content_width":"","inline_featured_image":false,"wds_primary_product_brand":0,"wds_primary_product_cat":0},"product_brand":[],"product_cat":[20,21],"product_tag":[],"class_list":{"0":"post-412","1":"product","2":"type-product","3":"status-publish","4":"has-post-thumbnail","6":"product_cat-nosecnost","7":"product_cat-zenska-plodnost","9":"first","10":"outofstock","11":"taxable","12":"shipping-taxable","13":"purchasable","14":"product-type-simple"},"_links":{"self":[{"href":"https:\/\/potenza-medica.si\/trgovina\/wp-json\/wp\/v2\/product\/412","targetHints":{"allow":["GET"]}}],"collection":[{"href":"https:\/\/potenza-medica.si\/trgovina\/wp-json\/wp\/v2\/product"}],"about":[{"href":"https:\/\/potenza-medica.si\/trgovina\/wp-json\/wp\/v2\/types\/product"}],"wp:featuredmedia":[{"embeddable":true,"href":"https:\/\/potenza-medica.si\/trgovina\/wp-json\/wp\/v2\/media\/416"}],"wp:attachment":[{"href":"https:\/\/potenza-medica.si\/trgovina\/wp-json\/wp\/v2\/media?parent=412"}],"wp:term":[{"taxonomy":"product_brand","embeddable":true,"href":"https:\/\/potenza-medica.si\/trgovina\/wp-json\/wp\/v2\/product_brand?post=412"},{"taxonomy":"product_cat","embeddable":true,"href":"https:\/\/potenza-medica.si\/trgovina\/wp-json\/wp\/v2\/product_cat?post=412"},{"taxonomy":"product_tag","embeddable":true,"href":"https:\/\/potenza-medica.si\/trgovina\/wp-json\/wp\/v2\/product_tag?post=412"}],"curies":[{"name":"wp","href":"https:\/\/api.w.org\/{rel}","templated":true}]}}