{"id":421,"date":"2020-10-20T14:32:43","date_gmt":"2020-10-20T14:32:43","guid":{"rendered":"https:\/\/potenza-medica.si\/trgovina\/?post_type=product&#038;p=421"},"modified":"2022-10-02T09:34:54","modified_gmt":"2022-10-02T09:34:54","slug":"test-plodnosti-geratherm-ovu-control","status":"publish","type":"product","link":"https:\/\/potenza-medica.si\/trgovina\/izdelek\/test-plodnosti-geratherm-ovu-control\/","title":{"rendered":"TEST PLODNOSTI Geratherm ovu control"},"content":{"rendered":"<p><strong>Klini\u010dno testiran medicinski pripomo\u010dek za dolo\u010danje plodnih in neplodnih dni pri \u017eenski na osnovi sline.<\/strong><\/p>\n<p>Med ovulacijo nastajajo\u010di estrogen se nahaja tudi v slini. V plodnih dneh zaradi pove\u010danega nastajanja estrogena naraste koli\u010dina soli v slini. V posu\u0161eni slini kristali soli oblikujejo dolo\u010den vzorec, na podlagi katerega \u017eenska ugotovi, ali je plodna. Prilo\u017een je DVD z demonstracijo uporabe (oglej si video).<\/p>\n<p>Uporaba: Na le\u010do s prstom nanesemo kapljico sline. Po\u010dakamo, da se slina posu\u0161i in se v njej oblikuje vzorec. Vzorec si ogledamo s pomo\u010djo vgrajene naprave.\u00a0Rezultate lahko vpisujete v svoj koledar plodnosti.<\/p>\n<p>Prednosti: diskretna, enostavna in neomejena uporaba; takoj\u0161en in zanesljiv rezultat.<\/p>\n<ul>\n<li>Enostavna in neomejena uporaba. Poglej navodilo.<\/li>\n<li>Daje takoj\u0161nje rezultate. Poglej od\u010ditovanje rezultatov.<\/li>\n<li>Zanesljiv, natan\u010den in higieni\u010den. Brez urina.<\/li>\n<li>Klini\u010dno preizku\u0161en.<\/li>\n<li>Uporablja mini mikroskop (s 50x pove\u010davo).<\/li>\n<\/ul>\n","protected":false},"excerpt":{"rendered":"<p>Klini\u010dno testiran medicinski pripomo\u010dek za dolo\u010danje plodnih in neplodnih dni pri \u017eenski na osnovi sline.<\/p>\n","protected":false},"featured_media":422,"template":"","meta":{"_et_pb_use_builder":"","_et_pb_old_content":"","_et_gb_content_width":"","inline_featured_image":false,"wds_primary_product_brand":0,"wds_primary_product_cat":0},"product_brand":[],"product_cat":[22,21],"product_tag":[],"class_list":{"0":"post-421","1":"product","2":"type-product","3":"status-publish","4":"has-post-thumbnail","6":"product_cat-ovulacija","7":"product_cat-zenska-plodnost","9":"first","10":"outofstock","11":"taxable","12":"shipping-taxable","13":"purchasable","14":"product-type-simple"},"_links":{"self":[{"href":"https:\/\/potenza-medica.si\/trgovina\/wp-json\/wp\/v2\/product\/421","targetHints":{"allow":["GET"]}}],"collection":[{"href":"https:\/\/potenza-medica.si\/trgovina\/wp-json\/wp\/v2\/product"}],"about":[{"href":"https:\/\/potenza-medica.si\/trgovina\/wp-json\/wp\/v2\/types\/product"}],"wp:featuredmedia":[{"embeddable":true,"href":"https:\/\/potenza-medica.si\/trgovina\/wp-json\/wp\/v2\/media\/422"}],"wp:attachment":[{"href":"https:\/\/potenza-medica.si\/trgovina\/wp-json\/wp\/v2\/media?parent=421"}],"wp:term":[{"taxonomy":"product_brand","embeddable":true,"href":"https:\/\/potenza-medica.si\/trgovina\/wp-json\/wp\/v2\/product_brand?post=421"},{"taxonomy":"product_cat","embeddable":true,"href":"https:\/\/potenza-medica.si\/trgovina\/wp-json\/wp\/v2\/product_cat?post=421"},{"taxonomy":"product_tag","embeddable":true,"href":"https:\/\/potenza-medica.si\/trgovina\/wp-json\/wp\/v2\/product_tag?post=421"}],"curies":[{"name":"wp","href":"https:\/\/api.w.org\/{rel}","templated":true}]}}