{"id":437,"date":"2020-10-20T14:52:16","date_gmt":"2020-10-20T14:52:16","guid":{"rendered":"https:\/\/potenza-medica.si\/trgovina\/?post_type=product&#038;p=437"},"modified":"2025-04-14T08:39:45","modified_gmt":"2025-04-14T08:39:45","slug":"adrenomaxx","status":"publish","type":"product","link":"https:\/\/potenza-medica.si\/trgovina\/izdelek\/adrenomaxx\/","title":{"rendered":"Adrenomaxx\u00ae"},"content":{"rendered":"<p><strong>Adrenomaxx<\/strong><strong>\u00ae<\/strong><strong>\u00a0lahko slu\u017ei kot prehranska podpora pri stanjih, ki delujejo na organizem iz\u010drpljujo\u010de. Vsebuje vitamine B3, B6, B5, B12 in magnezij, ki prispevajo k delovanju \u017eiv\u010dnega sistema in zmanj\u0161evanju utrujenosti in iz\u010drpanosti. Vitamin B6 prispeva k uravnavanju delovanja hormonov, pantotenska kislina pa ima vlogo pri sintezi in presnovi steroidnih hormonov.<\/strong><\/p>\n<p><strong>Navodilo za uporabo:\u00a0<\/strong>1 \u2013 3 kapsule dnevno s hrano.<\/p>\n<table width=\"432\">\n<tbody>\n<tr>\n<td colspan=\"2\" width=\"347\">Sestavine v 3 kapsulah (na dan):<\/td>\n<td width=\"85\">PDV\/RDA*<\/td>\n<\/tr>\n<tr>\n<td width=\"262\"><strong>Sveta bazilika<\/strong>\u00a0(<em>Ocimum sanctum<\/em>), list, standardizirani ekstrakt \u00a0(min. 2,5 % ursoli\u010dne kisline<\/td>\n<td width=\"85\">390 mg<\/td>\n<td width=\"85\">\u2013<\/td>\n<\/tr>\n<tr>\n<td width=\"262\"><strong>Sibirski ginseng<\/strong>\u00a0(<em>Eleutherococcus senticosus<\/em>), koren, standardizirani ekstrakt (min. 0,8 % eleuterozida)<\/td>\n<td width=\"85\">390 mg<\/td>\n<td width=\"85\">\u2013<\/td>\n<\/tr>\n<tr>\n<td width=\"262\"><strong>Opnasti grahovec<\/strong>\u00a0(<em>Astragalus membranaceus<\/em>), koren, standardizirani ekstrakt (min. 20 % polisaharidov)<\/td>\n<td width=\"85\">330 mg<\/td>\n<td width=\"85\">\u2013<\/td>\n<\/tr>\n<tr>\n<td width=\"262\"><strong>Vitamin B3<\/strong>\u00a0(nikotinamid)<\/td>\n<td width=\"85\">15 mg<\/td>\n<td width=\"85\">94 %<\/td>\n<\/tr>\n<tr>\n<td width=\"262\"><strong>Vitamin B5<\/strong>\u00a0(kalcijev d-pantotenat)<\/td>\n<td width=\"85\">9 mg<\/td>\n<td width=\"85\">150 %<\/td>\n<\/tr>\n<tr>\n<td width=\"262\"><strong>Vitamin B6<\/strong>\u00a0(piridoksin hidroklorid)<\/td>\n<td width=\"85\">2,65 mg<\/td>\n<td width=\"85\">186 %<\/td>\n<\/tr>\n<tr>\n<td width=\"262\"><strong>Vitamin B12<\/strong>\u00a0(cianokobalamin)<\/td>\n<td width=\"85\">3,75 \u03bcg<\/td>\n<td width=\"85\">200 %<\/td>\n<\/tr>\n<tr>\n<td width=\"262\"><strong>Magnezij<\/strong>\u00a0(magnezijev citrat)<\/td>\n<td width=\"85\">56,25 mg<\/td>\n<td width=\"85\">15 %<\/td>\n<\/tr>\n<\/tbody>\n<\/table>\n<p>*PDV\/RDA = odstotek priporo\u010denega dnevnega vnosa<\/p>\n<p><strong>Sestavine:<\/strong> Ekstrakt listov svete bazilike, ekstrakt korena sibirskega ginsenga, magnezijev citrat, ekstrakt korena opnastega grahovca, nikotinamid, sredstvo proti sprijemanju: magnezijev stearat rastlinskega izvora, kalcijev d-pantotenat, piridoksin hidroklorid, cianokobalamin, celulozna kapsula, barvilo: rde\u010di \u017eelezov oksid.<\/p>\n<p><strong>Opozorilo:<\/strong>\u00a0Osebe, ki jemljejo zdravila, se morajo pred jemanjem posvetovati z zdravnikom. Ne priporo\u010damo nose\u010dnicam in doje\u010dim materam. Prehransko dopolnilo ni nadomestilo za uravnote\u017eeno in raznovrstno prehrano. Priporo\u010dene dnevne koli\u010dine oziroma odmerka se ne sme prekora\u010diti. Shranjevati nedosegljivo otrokom!<\/p>\n<p><strong>Na\u010din shranjevanja:\u00a0<\/strong>Hraniti v suhem in temnem prostoru, na temperaturi do 25 \u00b0C.<\/p>\n<p>&nbsp;<\/p>\n<p>www.biobalance.si<\/p>\n","protected":false},"excerpt":{"rendered":"<div class=\"woocommerce-product-details__short-description\">\n<h5>Prehransko dopolnilo, 50 vegi kapsul<\/h5>\n<\/div>\n","protected":false},"featured_media":438,"template":"","meta":{"_et_pb_use_builder":"","_et_pb_old_content":"","_et_gb_content_width":"","inline_featured_image":false,"wds_primary_product_brand":0,"wds_primary_product_cat":0},"product_brand":[],"product_cat":[26],"product_tag":[],"class_list":{"0":"post-437","1":"product","2":"type-product","3":"status-publish","4":"has-post-thumbnail","6":"product_cat-utrujenost","8":"first","9":"instock","10":"taxable","11":"shipping-taxable","12":"purchasable","13":"product-type-simple"},"_links":{"self":[{"href":"https:\/\/potenza-medica.si\/trgovina\/wp-json\/wp\/v2\/product\/437","targetHints":{"allow":["GET"]}}],"collection":[{"href":"https:\/\/potenza-medica.si\/trgovina\/wp-json\/wp\/v2\/product"}],"about":[{"href":"https:\/\/potenza-medica.si\/trgovina\/wp-json\/wp\/v2\/types\/product"}],"wp:featuredmedia":[{"embeddable":true,"href":"https:\/\/potenza-medica.si\/trgovina\/wp-json\/wp\/v2\/media\/438"}],"wp:attachment":[{"href":"https:\/\/potenza-medica.si\/trgovina\/wp-json\/wp\/v2\/media?parent=437"}],"wp:term":[{"taxonomy":"product_brand","embeddable":true,"href":"https:\/\/potenza-medica.si\/trgovina\/wp-json\/wp\/v2\/product_brand?post=437"},{"taxonomy":"product_cat","embeddable":true,"href":"https:\/\/potenza-medica.si\/trgovina\/wp-json\/wp\/v2\/product_cat?post=437"},{"taxonomy":"product_tag","embeddable":true,"href":"https:\/\/potenza-medica.si\/trgovina\/wp-json\/wp\/v2\/product_tag?post=437"}],"curies":[{"name":"wp","href":"https:\/\/api.w.org\/{rel}","templated":true}]}}